- -57?
-63804
In base 14, what is -3 - -2c80d9?
2c80d6
In base 13, what is -2ca16 - -1655?
-2b391
In base 13, what is -b8 + -2c3355?
-2c3440
In base 7, what is 25136313326 - -1?
25136313330
In base 11, what is -4 - -10a7135?
10a7131
In base 13, what is 1 - -218c837?
218c838
In base 11, what is -29a363 - -19?
-29a345
In base 15, what is -8 + 13c9bba?
13c9bb2
In base 6, what is 13405512 + 24?
13405540
In base 14, what is -d - 4bbaa2?
-4bbab1
In base 9, what is 416138485 - 4?
416138481
In base 15, what is -26 - 32e423?
-32e449
In base 7, what is -1316 - 415411?
-420030
In base 10, what is 17 + 1338942?
1338959
In base 2, what is 101100000000000001101 + -11011?
101011111111111110010
In base 2, what is 10100001010001010100 - -1100?
10100001010001100000
In base 14, what is 1c1d83b - -1?
1c1d83c
In base 5, what is -2000423133 + 130?
-2000423003
In base 6, what is -42530 - -1211?
-41315
In base 15, what is -3 + -e557734?
-e557737
In base 8, what is 143605 + -166?
143417
In base 12, what is 29 - -3b1618?
3b1645
In base 2, what is 11111000011111010000 - 101110?
11111000011110100010
In base 15, what is 145 - -747dc?
74932
In base 5, what is -324442424411 - 10?
-324442424421
In base 4, what is -220122303200 + 12?
-220122303122
In base 11, what is 9 + -16048920?
-16048912
In base 9, what is -26648 - 504?
-27253
In base 3, what is 11 + 101021220202220220?
101021220202221001
In base 9, what is 68842247 - 2?
68842245
In base 15, what is 82bc28 + -1?
82bc27
In base 12, what is -7a + a88b84?
a88b06
In base 6, what is 100 - -431235242?
431235342
In base 13, what is -3a22 - -2b96a?
27c48
In base 11, what is -25 - -3276a?
32745
In base 12, what is -63900 + -b0?
-639b0
In base 13, what is 517 + 6c?
586
In base 7, what is 1436626602 - -2?
1436626604
In base 7, what is -203345 + 45?
-203300
In base 2, what is -101 + 1000001101011011100010001?
1000001101011011100001100
In base 12, what is -1843a77 + 2?
-1843a75
In base 6, what is 5304032022 + 1?
5304032023
In base 4, what is -13 - 10030033023?
-10030033102
In base 12, what is 1 + -35645a?
-356459
In base 8, what is 0 - -131610?
131610
In base 11, what is -26575 - -18719?
-8957
In base 5, what is 1221201 + 213234?
1434440
In base 7, what is -3363 - 663020?
-666413
In base 11, what is -28759 + -5a94?
-33742
In base 4, what is 123301003 + 3102?
123310111
In base 5, what is -14001 + 120203203?
120134202
In base 6, what is 10012 - 52421?
-42405
In base 16, what is -24a0f - -176?
-24899
In base 5, what is 13140344 - 310?
13140034
In base 4, what is 11 - -332213130333?
332213131010
In base 8, what is 253630373 - 1?
253630372
In base 2, what is -1011101111011111110 - -110110100?
-1011101110101001010
In base 7, what is -4115 - 506241?
-513356
In base 13, what is 2723 + -2677?
79
In base 8, what is 13115536 - -3?
13115541
In base 7, what is -4 - -4645156?
4645152
In base 11, what is -34a68289 - -1?
-34a68288
In base 2, what is -111100000001011101001 + 1010?
-111100000001011011111
In base 7, what is 2 + -41140520?
-41140515
In base 8, what is 667041634 + -2?
667041632
In base 6, what is 410333013 + -2?
410333011
In base 3, what is 20021112 - 1021011101?
-1000212212
In base 3, what is -12011 + -122120000221?
-122120020002
In base 13, what is -9b7 - 16965?
-1764c
In base 10, what is 1 - -2066029?
2066030
In base 2, what is 110 + 10010010000101101011101011001?
10010010000101101011101011111
In base 2, what is -10111 - 10100111000111011?
-10100111001010010
In base 14, what is 18 + abd803?
abd81b
In base 13, what is 2889b9c + -3?
2889b99
In base 2, what is 11000 - 1011011110100010010101111?
-1011011110100010010010111
In base 5, what is 12022431410 + 0?
12022431410
In base 15, what is 4546288 - -2?
454628a
In base 3, what is -21120201 + -110000221?
-201121122
In base 14, what is 3 - -27d8a82?
27d8a85
In base 13, what is -3 + 23ca8a24?
23ca8a21
In base 10, what is 15589060 - -2?
15589062
In base 7, what is 5000566316 - -1?
5000566320
In base 9, what is -6 + -113532882?
-113532888
In base 6, what is 10005 - -100521?
110530
In base 7, what is 3 + -13330026?
-13330023
In base 15, what is 13a0ae + 5?
13a0b4
In base 16, what is 9c - 19dd?
-1941
In base 16, what is c00 + -1055?
-455
In base 9, what is 1 + 40224682?
40224683
In base 13, what is -7c01 + 790?
-7441
In base 6, what is -21411505 + -13?
-21411522
In base 2, what is -1111100001010100 - 10010011?
-1111100011100111
In base 12, what is -10 + 230587?
230577
In base 5, what is -2332 + -13022?
-20404
In base 16, what is -5 + -4f0367?
-4f036c
In base 2, what is 1001100000110001011000 - -110010?
1001100000110010001010
In base 10, what is 224 + 27095?
27319
In base 8, what is 1044510 + -351?
1044137
In base 15, what is 22515 - 3d?
224c7
In base 3, what is 0 - 12121220012122?
-12121220012122
In base 9, what is 1634 + 364127?
365762
In base 9, what is 217321 - -1436?
218757
In base 7, what is -16140 - 20414?
-36554
In base 10, what is 1611 + 372025?
373636
In base 15, what is 503ab51 + -1?
503ab50
In base 10, what is -1 - 60382905?
-60382906
In base 13, what is 2189cb - 6?
2189c5
In base 12, what is -74b - -166b6?
15b67
In base 12, what is 6b - -377727?
377796
In base 12, what is a58a2170 - 2?
a58a216a
In base 13, what is 545cb4a - -5?
545cb52
In base 8, what is 7444741 - -1?
7444742
In base 12, what is -132 + 57b1?
567b
In base 4, what is -301112123 - -1110011?
-300002112
In base 8, what is 542 + 53602?
54344
In base 13, what is -23b4303 + 3?
-23b4300
In base 8, what is 303002 - -73?
303075
In base 11, what is 66 - 4544?
-4489
In base 7, what is 640552610 + -21?
640552556
In base 2, what is 100101010010100100011101 - 10?
100101010010100100011011
In base 5, what is -1 + -213441011?
-213441012
In base 13, what is 5 - 7343193?
-734318b
In base 2, what is 1011011 - 1001111001111111000100?
-1001111001111101101001
In base 9, what is 361403722 - -5?
361403727
In base 7, what is 2 - -1251622362?
1251622364
In base 5, what is -41 - -31430340?
31430244
In base 11, what is -1756 - -8aa17?
89271
In base 10, what is 361842 + -11?
361831
In base 13, what is 2 + 284139b?
28413a0
In base 8, what is 442 - -44607?
45251
In base 16, what is -65f77648 - -2?
-65f77646
In base 14, what is 2 + 54c1597?
54c1599
In base 15, what is 4d497c68 - 1?
4d497c67
In base 5, what is 24223 - 41113?
-11340
In base 5, what is -10 + -1402233224?
-1402233234
In base 15, what is -1b35b51 - 3e?
-1b35b90
In base 7, what is -3151016 - 15?
-3151034
In base 15, what is -2247a - -2a?
-22450
In base 11, what is 40184 - 442?
3a842
In base 10, what is -1211805 - 45?
-1211850
In base 10, what is 8 + -284605?
-284597
In base 5, what is -24433120 + 110?
-24433010
In base 5, what is 43 + 20344010233?
20344010331
In base 16, what is 738 + -3027?
-28ef
In base 9, what is 226 - -665686?
666023
In base 16, what is 7835b3 + 16?
7835c9
In base 3, what is -2021120101120 - 1100?
-2021120102220
In base 6, what is 122404204 - -10?
122404214
In base 13, what is -17205013b - -5?
-172050136
In base 12, what is -141 - 13b449?
-13b58a
In base 13, what is -2a0b + 165?
-2876
In base 15, what is 790 - a3e1a?
-a367a
In base 13, what is -4 - 8cbc555?
-8cbc559
In base 16, what is -1dd + -5897?
-5a74
In base 6, what is 100 - -145210433?
145210533
In base 7, what is 161 + 6333530?
6334021
In base 4, what is -12 - -30102210221?
30102210203
In base 11, what is 11 + -483398?
-483387
In base 15, what is -95717 - -7?
-95710
In base 12, what is -16516791 - -3?
-1651678a
In base 9, what is 50 - -815112?
815162
In base 15, what is 10e00 + 11db?
120db
In base 5, what is -3334000 + -12031?
-3401031
In base 9, what is -317 - -1255683?
1255365
In base 11, what is -96aa + -1a3a?
-10639
In base 14, what is a01 - -530?
1131
In base 11, what is 3 - 1155a33?
-1155a30
In base 5, what is -4213 - 11220320?
-11230033
In base 8, what is 0 - -676542422?
676542422
In base 2, what is 100000100000101 - -1011101?
100000101100010
In base 11, what is -1 - -5116017?
5116016
In base 16, what is -9dbd + -1026?
-ade3
In base 4, what is -21 - -2103013133200?
2103013133113
In base 4, what is 22 - 210133220?
-210133132
In base 14, what is 87d173 + 4?
87d177
In base 12, what is -999b2 - 68?
-99a5a
In base 7, what is -105243 + -55?
-105331
In base 7, what is -163 - 20440512?
-20441005
In base 3, what